ase 6.
1513041
Convert 382622 (base 14) to base 15.
281199
What is -2010330133 (base 4) in base 5?
-114411133
Convert -4a76a0 (base 11) to base 16.
-c37ff
Convert -80b921 (base 14) to base 7.
-51562141
630545 (base 11) to base 13
295173
Convert 1b5074 (base 16) to base 11.
10129a5
What is -19209 (base 11) in base 16?
-68f7
What is 43a27 (base 11) in base 4?
33210310
Convert 43186 (base 10) to base 16.
a8b2
Convert -110698 (base 10) to base 9.
-177757
-1402022 (base 5) to base 16
-6ee3
What is 655242 (base 7) in base 4?
130000002
111001011101001001 (base 2) to base 9
387735
Convert 35743 (base 13) to base 16.
17e72
-33acce (base 16) to base 6
-200330330
Convert 10001111110001001001 (base 2) to base 11.
37247a
1236636 (base 13) to base 5
2422404234
1491929 (base 15) to base 3
1001000110010110
Convert -1103231003 (base 4) to base 9.
-572265
What is -53b83b (base 14) in base 7?
-33051504
What is -542534 (base 8) in base 5?
-21302341
Convert 18446 (base 13) to base 2.
1011011100010111
-119003 (base 16) to base 15
-17b06e
1008703 (base 10) to base 5
224234303
Convert -10013111 (base 6) to base 10.
-281923
What is 417762 (base 8) in base 12?
68702
What is -10112100110101 (base 3) in base 15?
-27113a
Convert -7370a6 (base 15) to base 3.
-101022222121210
What is 435442 (base 6) in base 16?
8d92
What is 40336 (base 14) in base 4?
211222330
-100141420 (base 5) to base 15
-7c725
Convert 37c38 (base 13) to base 16.
192e1
What is -eadc (base 15) in base 11?
-34389
Convert -100121333 (base 4) to base 15.
-14d9e
Convert -bc265b (base 14) to base 10.
-6383801
11000110101011100 (base 2) to base 4
120311130
Convert -2121003 (base 6) to base 4.
-121113123
Convert c9090 (base 15) to base 10.
638010
Convert 63eea6 (base 16) to base 10.
6549158
-27051672 (base 8) to base 7
-102300442
-4020220 (base 6) to base 5
-22024200
14390c (base 14) to base 4
2223100320
Convert -5361039 (base 11) to base 15.
-c641d7
-531534 (base 7) to base 3
-11122222220
Convert -1001111101010110000111 (base 2) to base 5.
-1132014232
4005011 (base 9) to base 10
2129419
What is 126033 (base 9) in base 14?
1dc99
What is 206332 (base 10) in base 4?
302113330
What is -979684 (base 10) in base 5?
-222322214
249a102 (base 11) to base 10
4332528
2541450 (base 7) to base 6
11021303
Convert -eee9 (base 16) to base 5.
-3424121
Convert 474254 (base 14) to base 5.
1110303100
What is -450321 (base 6) in base 14?
-da53
26065356 (base 7) to base 6
122440533
What is 32566a (base 11) in base 14?
d7672
-972866 (base 10) to base 7
-11161226
What is -45522143 (base 7) in base 16?
-3c9bb4
Convert -10010111000010011011 (base 2) to base 14.
-121655
What is 134671 (base 10) in base 5?
13302141
What is c609b (base 13) in base 4?
1112323022
Convert 3923a2 (base 14) to base 2.
111011111110101111010
-b7902 (base 13) to base 11
-206816
Convert -4301223 (base 10) to base 8.
-20320647
What is 41121400 (base 7) in base 4?
31012113301
Convert -23324130 (base 5) to base 10.
-214290
-2799914 (base 10) to base 7
-32541005
1132010032 (base 4) to base 6
12131434
Convert 9a42 (base 15) to base 14.
bcab
What is -1b622 (base 14) in base 9?
-115672
What is -96c (base 15) in base 3?
-2220210
Convert -15402342 (base 6) to base 8.
-2050166
Convert 100020132013 (base 4) to base 7.
50642305
-433143430 (base 5) to base 14
-362213
-12103c (base 14) to base 10
-617454
What is 331c1 (base 14) in base 10?
123845
Convert -21221002100 (base 3) to base 8.
-460645
Convert 1b2a0 (base 13) to base 8.
147714
What is 596a (base 12) in base 14?
3918
What is 1a14c (base 14) in base 2?
10000001001001000
What is 210111022210 (base 3) in base 14?
b0265
What is -3516240 (base 9) in base 10?
-1900701
-13cbd3 (base 16) to base 5
-313003423
Convert -22203323322 (base 4) to base 16.
-2a3efa
What is 113969 (base 10) in base 2?
11011110100110001
-1110010101011101 (base 2) to base 9
-88481
-453455 (base 9) to base 12
-1111a2
Convert 7b916 (base 12) to base 3.
22101222200
Convert 449d4 (base 14) to base 16.
28abe
What is -952a1 (base 12) in base 9?
-327364
What is 51852 (base 9) in base 10?
34229
Convert 5737611 (base 8) to base 2.
101111011111110001001
What is 118482 (base 11) in base 9?
314352
What is -4663504 (base 8) in base 7?
-13544230
What is -258834 (base 9) in base 16?
-266e6
Convert -464331 (base 7) to base 3.
-11020002120
What is -14946a (base 11) in base 15?
-48bbe
Convert 336c (base 16) to base 15.
3d79
Convert -1001011001110 (base 2) to base 3.
-20121022
24c1be (base 16) to base 7
26322005
What is -51212 (base 6) in base 11?
-5100
Convert 648262 (base 10) to base 16.
9e446
-12220220001 (base 3) to base 12
-57554
What is 1450e (base 15) in base 11?
45041
Convert -212200011102 (base 3) to base 2.
-1110001110000011110
47156540 (base 8) to base 16
9cdd60
1c59a2 (base 15) to base 14
28110b
Convert 173307 (base 11) to base 14.
6d8bb
What is -80777 (base 15) in base 11?
-258606
What is -153e1 (base 15) in base 16?
-10b22
What is 769c5 (base 15) in base 7?
3126434
Convert -23121444 (base 5) to base 8.
-625605
Convert -58af86 (base 16) to base 8.
-26127606
Convert -216031 (base 10) to base 2.
-110100101111011111
Convert -350330 (base 6) to base 7.
-153162
Convert 2e76b (base 16) to base 12.
92177
6776a (base 11) to base 7
555652
1140024 (base 8) to base 12
1301b0
What is 20010210111 (base 3) in base 13?
43024
Convert 330114 (base 7) to base 8.
160524
What is -13113042 (base 5) in base 6?
-2433523
What is 453514421 (base 6) in base 8?
37521455
a020b (base 12) to base 13
7369a
Convert 7601c6 (base 16) to base 4.
131200013012
Convert -1242332250 (base 6) to base 2.
-110111111111011011100110
-12160 (base 13) to base 14
-c158
Convert -2a09ad (base 16) to base 8.
-12404655
19578d (base 14) to base 3
1200122220100
Convert 10b8b46 (base 13) to base 8.
23537031
-6353a (base 11) to base 5
-10424422
Convert -280a880 (base 11) to base 16.
-49f148
1733dc (base 16) to base 11
9494a8
-3b6d2b (base 16) to base 12
-1379977
What is -17384 (base 13) in base 10?
-44555
2055142 (base 7) to base 13
894c4
Convert 144722 (base 10) to base 14.
3aa54
What is -153b18 (base 13) in base 9?
-875742
What is 2331611 (base 7) in base 13?
a3811
What is 6576885 (base 10) in base 6?
352544313
What is -1015439 (base 10) in base 9?
-1816825
10433103231 (base 5) to base 10
11612941
Convert 33451 (base 6) to base 5.
122321
69389 (base 10) to base 11
48151
What is 37390 (base 12) in base 2?
10010010001011100
What is 15a7a89 (base 13) in base 15?
92ee2b
Convert -3515657 (base 10) to base 5.
-1400000112
112010122000 (base 3) to base 16
43ec0
-bea2 (base 15) to base 10
-40427
-31311210323 (base 4) to base 11
-2058297
d19fa (base 16) to base 10
858618
-1201100021110 (base 3) to base 14
-19a5da
21bdd5 (base 15) to base 14
2dc853
What is 111210020100122 (base 3) in base 7?
116163446
Convert 222741 (base 8) to base 10.
75233
1bc087 (base 13) to base 14
14764b
What is 1113244 (base 10) in base 12?
4582a4
Convert 60110 (base 7) to base 16.
387e
What is 134631560 (base 7) in base 13?
1a981cc
What is -113012133 (base 4) in base 6?
-2010023
-12a670 (base 11) to base 14
-54714
Convert -10143114 (base 5) to base 16.
-148bf
What is -1101014333 (base 5) in base 10?
-2360593
102033250 (base 6) to base 16
1b1f9e
1220220202112 (base 3) to base 4
3321132323
Convert 1a1352 (base 11) to base 4.
1023133130
131211313 (base 4) to base 6
2333051
560161 (base 14) to base 9
5440310
What is a6675 (base 13) in base 11?
195359
1222676 (base 9) to base 14
13432a
861606 (base 11) to base 7
14500263
Convert 21222123123 (base 4) to base 8.
11523333
b43c07 (base 15) to base 4
200223322021
What is 40dbc0 (base 15) in base 16?
2f0efe
Convert -12020000111022 (base 3) to base 14.
-523778
-1114102323 (base 5) to base 4
-21133120132
Convert -39c75 (base 16) to base 2.
-111001110001110101
What is -110001101000100011 (base 2) in base 3?
-101022212121
-664543 (base 8) to base 2
-110110100101100011
Convert -263061 (base 16) to base 11.
-145a3a0
-12000001002 (base 3) to base 7
-560003
What is -342235303 (base 6) in base 13?
-13b8079
Convert -4a04da (base 15) to base 8.
-15413427
-245367 (base 8) to base 16
-14af7
1053605 (base 13) to base 7
60206600
Convert 1224b (base 16) to base 4.
102021023
What is 219b (base 12) in base 5?
104334
Convert 